 2 = -f, 5*f = -4*v + 21. Let m be (-20)/8 + 2 + 14/v. Determine u(m).
6
Let s(b) be the first derivative of b**6/360 - b**5/15 + b**4/6 + 6*b**3 - 14. Let q(a) be the third derivative of s(a). What is q(8)?
4
Let q = -4 - -9. Let y(g) = 5 - q + 5 + g. Suppose 2*n - 15*n = 78. Determine y(n).
-1
Let d(m) be the first derivative of -2*m**3/3 - 2*m**2 + 2. Let s = 31 + 8. Let p = s - 43. Give d(p).
-16
Let l(t) = 10*t**2 + 13*t + 12. Let y(r) = -7*r**2 - 9*r - 8. Let q(x) = -5*l(x) - 7*y(x). Let b be q(0). Let w(c) = -c**3 + 3 + 2 - 4*c**2 - 2. What is w(b)?
3
Let s(q) be the third derivative of 1/20*q**5 + 0 + 0*q + 1/8*q**4 - 1/120*q**6 + 18*q**2 + 0*q**3. Determine s(3).
9
Let x(c) = -7*c - 9. Let k(j) = 4*j + 4. Let s(z) = 5*k(z) + 3*x(z). Suppose -13 = 3*n + 5. Determine s(n).
-1
Suppose 5*f + j = 0, 3*f - 28*j = -32*j + 17. Let o(z) be the second derivative of 7/6*z**3 + z + 0*z**2 + 0. Determine o(f).
-7
Let z(v) = 3*v - v + 5*v - 1 + 4*v + v**2 - 3. Determine z(-11).
-4
Let i(q) be the third derivative of -q**5/60 - q**4/24 + 11*q**3/6 + 26*q**2. Let h be 3 + -2 + -4 + 3. Suppose -z - z = h. Calculate i(z).
11
Suppose -s - 3*w + 2*w + 33 = 0, -4*s + 129 = w. Let h = s + -30. Let g(u) = 3*u - 2. Calculate g(h).
4
Let c(k) = -k**2 + 9*k + 22. Let w be c(11). Let i(h) = 0 - 6 + h + w*h. Give i(-10).
-16
Let z(a) = 13*a. Let b(t) = -7*t. Let u(p) = -11*b(p) - 6*z(p). Suppose x = -28 + 29. Give u(x).
-1
Let x = -6 - -12. Let w(z) be the second derivative of z**3/6 - 4*z**2 - z + 26. Give w(x).
-2
Let u be (54/90)/(1/5). Suppose -12 = -x + 5*l - 2, 11 = u*x + 4*l. Let v(w) = -x*w + 2*w + 6 - 12. Determine v(-5).
9
Let j(d) = 94*d - 13 + 93*d - 278*d + 93*d. What is j(0)?
-13
Let y(x) be the third derivative of x**5/60 - 5*x**4/24 - 5*x**3/3 - 227*x**2. Determine y(8).
14
Let c(w) be the second derivative of -w**3/3 - 3*w**2/2 + 265*w. Let m = 13 + -9. Determine c(m).
-11
Let g(m) = 8*m**3 - 2*m**2 + m. Let a be g(1). Suppose -4*j + 27 = -i - 9*j, j = -i - a. Let u(q) = 5*q**2 - 11*q**2 + 7*q**2 + 3*q. Calculate u(i).
-2
Let x(g) = -g**3 + 5*g**2 - 5*g. Let l be (-6)/(-5) - (-3)/(-15). Suppose 16 = 5*s + 41. Let f be ((-12)/15)/(l/s). What is x(f)?
-4
Let s(z) = -z - z + 186 - 215. Determine s(-10).
-9
Let z = -326 - -331. Let j(h) = -h**2 + 4*h - 5. What is j(z)?
-10
Let x be (-2)/2 + (-9)/(-3). Let i(f) = 4*f + 0*f - 1 + 2*f**x - 2*f + 0*f**2. Calculate i(-2).
3
Let m(w) = -3829*w**2 - 4 + 3834*w**2 + 412*w - 414*w + w**3. Let j(t) = -t + 1. Let l be j(6). Calculate m(l).
6
Let k be (-2)/9 - 50/18. Let i(y) be the third derivative of y**5/60 + y**4/8 - 2*y**3/3 + 208*y**2. Give i(k).
-4
Let r(x) be the third derivative of 0 - 1/60*x**5 - 7/24*x**4 - 15*x**2 + 0*x - 2/3*x**3. Calculate r(-8).
-12
Let t be (-6)/(-9)*(-3)/1. Let b be (t + (-44)/(-8))*2. Suppose -b = -2*a - 1. Let r(z) = -z**3 + 3*z**2 + 2*z + 2. Calculate r(a).
8
Let o(l) = -l - 2. Let z be (-2 + 0)/((-8)/(-60)). Let w = -15 - z. Suppose -3*r - 4 + 10 = w. Determine o(r).
-4
Let t = -12 - -14. Suppose 2*n + t = 6. Let o(i) = 3*i - 5. Let k(y) = 12*y - 21. Let m(c) = 5*k(c) - 21*o(c). Calculate m(n).
-6
Let i = -14 + 2. Let l = i + 17. Let d(h) = h**3 - 4*h**2 - 3*h - 5. Determine d(l).
5
Let h(a) = -a**3 + 5*a**2 - 3*a - 5. Let j = 1490 + -1486. Give h(j).
-1
Let t be (-4)/(20/(-25)) + 0. Let h(v) = -3*v - 4. Let s(d) = 1. Let g(f) = -2*h(f) - 6*s(f). Let p(c) = 7*c + 2. Let u(o) = t*p(o) - 6*g(o). Determine u(0).
-2
Suppose 4*h = 3*w - 313, 5*w - 3*h + 195 = 735. Let l(m) = -w*m + 61*m + 51*m + 3 + 6*m**2 + m**3 + 0. Determine l(-5).
23
Let d(f) = 5*f - 70. Suppose -18*i = -312 + 60. Determine d(i).
0
Let r(i) be the second derivative of i**4/12 - 4*i**3/3 + 7*i**2 - 2*i + 9. Let f be r(6). Let z(j) = -5*j + 3. Give z(f).
-7
Let r(m) = -m. Let x(c) = 4*c. Let t(z) = -10*r(z) - 3*x(z). Let j(a) = -2*a**3 + 53*a**2 - 26*a - 3. Let n be j(26). What is t(n)?
6
Let d(l) = -l**2 + 0 - 1 + 2*l + 4 - 4. Let o be d(2). Let p(a) = 297 - 297 + 12*a. Give p(o).
-12
Let a be -5*(-1 - 40/(-25)). Let f(n) = 2*n + 8. What is f(a)?
2
Let r(i) be the first derivative of 7*i**3/3 - i**2/2 + i - 172. Let z be (2/(-4))/(2/(-4)). What is r(z)?
7
Let n(g) = -7*g**2 - 19*g + 7. Let s(c) = -6*c**2 - 17*c + 5. Let z(k) = -4*n(k) + 5*s(k). Calculate z(-6).
-21
Let p be 6*(12/42)/(4/7). Suppose 0 = -2*o + 3 + p. Let d(n) = n**3 - 3*n**2 + 2*n + 1. Calculate d(o).
7
Let c(s) = 2*s**3 + 2*s**2 - 2*s. Let w be c(-2). Suppose 0 = 4*m - 4*y + 58 - 142, 3*m - 53 = -2*y. Let u(o) = -24 - 4*o - m + 45. Calculate u(w).
18
Let l(k) = 5*k - 49. Let d be l(14). Let y be (-6)/d - (-232)/28. Let m(u) = u - 2. Give m(y).
6
Let x(s) = -s**2. Let m(c) = -6*c**3 - 5*c**2 + c. Let t(z) = m(z) - 4*x(z). Let u(d) = 30*d**3 + 6*d**2 - 5*d. Let g(y) = 11*t(y) + 2*u(y). What is g(-1)?
6
Let k(t) be the first derivative of -5*t + 1/12*t**4 + t**3 + 2*t**2 + 1. Let r(b) be the first derivative of k(b). Calculate r(-3).
-5
Suppose 0 = 3*k, -6*k - 15 = 3*n - 3*k. Let b(v) = -1 + 0*v**3 - 4*v**2 - v**3 - 4 + 3*v. Determine b(n).
5
Let n(i) = i**2 + 9*i - 1. Let b(q) be the second derivative of -q**4/6 - 10*q**3/3 + 3*q**2/2 - 28*q + 2. Let k(o) = -3*b(o) - 7*n(o). Give k(-5).
-12
Let p be 1 + -4*3/2. Let q(k) = -k**3 - 5*k**2 - 3. What is q(p)?
-3
Let q(k) = -k**2 + k + 3. Let r(f) = -f**3 - f**2 + 6*f - 3. Let c be ((-6)/18)/((-1)/6). Suppose 4*m = -14 + c. Let v be r(m). What is q(v)?
-9
Let b(r) = 2*r - 3. Suppose 0 = 3*x + 3*j - 6, 0*x + 6 = x - 3*j. Let q be b(x). Let l(v) be the second derivative of -v**3/3 + 2*v**2 - 807*v. Determine l(q).
-2
Suppose -2*t + 2*u = -4*t + 10, 0 = -4*u + 8. Suppose t*z = -z + 12. Let w(s) = -4*s**2 + 7*s**3 - 3*s - 1 - 6*s**z + 0*s**3. Determine w(5).
9
Let w be (0 + 4)*-4*6/(-32). Let y(j) = 9 - 3 + w*j - j - j. What is y(-4)?
2
Let v(a) = a - 7. Let q be 6/(-4)*(-24)/18. Let y be (54/45)/((-6)/(-20)). Suppose -y = -q*s + 8. What is v(s)?
-1
Let k(n) = n**3 + 5*n**2 + 3*n. Let a be k(-4). Let m(s) = 18*s**3 - 17*s**3 + 2*s**2 - 2*s + 8*s + 5 + a*s**2. Let b = 4 + -9. Determine m(b).
0
Let y(c) = 2*c**2 + 22*c + 5. Let q(w) = w**2 + 18*w + 6. Let u(m) = -3*q(m) + 2*y(m). Calculate u(11).
3
Let y(b) = -b**2 + 3*b + 4. Let d be -5*-3*30/25. Suppose d = n + 5*n. Determine y(n).
4
Let l be 1/(1 + ((-60)/64)/1). Suppose 32 = -8*x - l. Let c(h) = -3*h - 6. Calculate c(x).
12
Suppose -5 = -4*f - 105. Let s = f - -23. Let w(o) = 2*o**2 - 3*o - 1. Give w(s).
13
Suppose -v + 5*v - 63 = 3*y, v = -5*y - 13. Let i(a) = -15 + 3 + v + 5*a. Calculate i(-3).
-15
Let n(i) be the first derivative of -i**3/3 - 5*i**2/2 + 10*i + 334. What is n(-8)?
-14
Let b(l) = -2*l - 3. Let o(p) = -9*p - 13. Let c(k) = -8*k - 12. Let z(j) = -3*c(j) + 2*o(j). Let n(y) = 8*b(y) + 3*z(y). Determine n(-5).
-4
Suppose 9 = -h - 2*h, -2*h = 5*s - 4. Suppose 3*o + 2*o - 4*n - 6 = 0, s*n - 2 = 0. Let r(u) = -2*u - u**2 - 4*u + o*u**2 + 1. Calculate r(4).
-7
Let k(h) = 33*h + 33. Let f(i) = 21*i + 22. Let w(u) = -8*f(u) + 5*k(u). Give w(-14).
31
Let z(s) = -23 - s - 2*s + 0*s + 7. Let b be z(-7). Let k(l) be the third derivative of l**6/120 - l**5/10 + l**4/12 + 7*l**3/6 - 2*l**2. Calculate k(b).
-8
Let j(y) = 2*y. Let g be j(-2). Let t(f) be the first derivative of -1/2*f**2 + f + 6. Calculate t(g).
5
Let j(m) = 3 + 12 - m - 1. Let b(o) = -3*o**3 - 3*o**2 - 6. Let s(h) = h**3 - h. Let v(d) = b(d) + 2*s(d). Let x be v(-3). Calculate j(x).
14
Let g(t) be the first derivative of 2*t**3/3 + 2*t**2 - 1. Let s(p) = -p**2 - 13*p - 3. Let u be s(-13). Determine g(u).
6
Suppose 0 = 3*c - 1 - 11, 4*c - 16 = -3*v. Let y(k) = 1 + 1 + 3*k + v*k. Determine y(6).
20
Let q(z) be the first derivative of -z**4/4 + z**3/3 + 3*z**2/2 + z + 659. What is q(2)?
3
Let v(d) = -2*d**3 - d**2 + 2*d - 3. Suppose 2*t - 1 = 3*f + 18, 2*f + 12 = t. Calculate v(t).
-19
Let l(b) = b**3 - 6*b**2 + 7*b + 2. Let g = -1138 + 1142. What is l(g)?
-2
Let f(w) = 2*w + 2. Suppose 3*k - 3 = -0*k, -2*k = -m + 2. Let p(g) = -g + 2. Let h be p(m). Calculate f(h).
-2
Let q(k) = 3*k - 4*k + 1466 - 1466. Let l(w) be the first derivative of w**2/2 - 18*w + 2. Let r be l(12). Give q(r).
6
Let f(d) = -d**2. Let r = -16 + 12. Let a be 1/(r/(28/(-1))). Suppose 5*v - a = -12. Determine f(